{"id":679,"date":"2024-04-26T22:47:50","date_gmt":"2024-04-26T21:47:50","guid":{"rendered":"https:\/\/fotonostalgic.eu\/?page_id=679"},"modified":"2024-05-20T10:14:20","modified_gmt":"2024-05-20T09:14:20","slug":"polaroid-natychmiastowe-emocje","status":"publish","type":"page","link":"https:\/\/fotonostalgic.eu\/index.php\/galerie\/galeria-makao\/polaroid-natychmiastowe-emocje\/","title":{"rendered":"Polaroid &#8211; natychmiastowe emocje"},"content":{"rendered":"\n<p>Swoje pocz\u0105tkowe prace wykonywa\u0142em g\u0142\u00f3wnie aparatem natychmiastowym. Dzia\u0142o si\u0119&nbsp;tak z paru zasadniczych powod\u00f3w:<\/p>\n\n\n\n<ul class=\"wp-block-list\">\n<li>Ekstrymalna prostota robienia zdj\u0119\u0107<\/li>\n\n\n\n<li>Natychmiastowy wynik i jego podgl\u0105d<\/li>\n\n\n\n<li>Kwadratowe proporcje obrazu<\/li>\n\n\n\n<li>Bardzo specyficzna &#8222;wyprana&#8221; paleta barw<\/li>\n\n\n\n<li>Oniryczny klimat obraz\u00f3w<br><\/li>\n<\/ul>\n\n\n\n<p>Przesta\u0142em si\u0119 zajmowa\u0107 fotografi\u0105 natychmiastow\u0105 ze wzgl\u0119du na <strong>absurdalne<\/strong> ceny filmu i jego nisk\u0105 jako\u015b\u0107, kt\u00f3ra objawia\u0142a si\u0119 przez coraz bardziej p\u0142owiej\u0105ce barwy ( poprawnie przechowywanych ) zdj\u0119\u0107.<\/p>\n\n\n\n<p>Zdj\u0119cia wykonane na emulsjach 600 i SX-70<\/p>\n\n\n\nngg_shortcode_0_placeholder\n","protected":false},"excerpt":{"rendered":"<p>Swoje pocz\u0105tkowe prace wykonywa\u0142em g\u0142\u00f3wnie aparatem natychmiastowym. Dzia\u0142o si\u0119&nbsp;tak z paru zasadniczych powod\u00f3w: Przesta\u0142em si\u0119 zajmowa\u0107 fotografi\u0105 natychmiastow\u0105 ze wzgl\u0119du na absurdalne ceny filmu i jego nisk\u0105 jako\u015b\u0107, kt\u00f3ra objawia\u0142a si\u0119 przez coraz bardziej p\u0142owiej\u0105ce barwy ( poprawnie przechowywanych ) zdj\u0119\u0107. Zdj\u0119cia wykonane na emulsjach 600 i SX-70<\/p>\n","protected":false},"author":3,"featured_media":0,"parent":653,"menu_order":0,"comment_status":"closed","ping_status":"closed","template":"","meta":{"ngg_post_thumbnail":0,"footnotes":""},"class_list":["post-679","page","type-page","status-publish","hentry"],"_links":{"self":[{"href":"https:\/\/fotonostalgic.eu\/index.php\/wp-json\/wp\/v2\/pages\/679","targetHints":{"allow":["GET"]}}],"collection":[{"href":"https:\/\/fotonostalgic.eu\/index.php\/wp-json\/wp\/v2\/pages"}],"about":[{"href":"https:\/\/fotonostalgic.eu\/index.php\/wp-json\/wp\/v2\/types\/page"}],"author":[{"embeddable":true,"href":"https:\/\/fotonostalgic.eu\/index.php\/wp-json\/wp\/v2\/users\/3"}],"replies":[{"embeddable":true,"href":"https:\/\/fotonostalgic.eu\/index.php\/wp-json\/wp\/v2\/comments?post=679"}],"version-history":[{"count":4,"href":"https:\/\/fotonostalgic.eu\/index.php\/wp-json\/wp\/v2\/pages\/679\/revisions"}],"predecessor-version":[{"id":704,"href":"https:\/\/fotonostalgic.eu\/index.php\/wp-json\/wp\/v2\/pages\/679\/revisions\/704"}],"up":[{"embeddable":true,"href":"https:\/\/fotonostalgic.eu\/index.php\/wp-json\/wp\/v2\/pages\/653"}],"wp:attachment":[{"href":"https:\/\/fotonostalgic.eu\/index.php\/wp-json\/wp\/v2\/media?parent=679"}],"curies":[{"name":"wp","href":"https:\/\/api.w.org\/{rel}","templated":true}]}}